t is the units digit of s?
3
Suppose 5*k - 112 = 13. What is the tens digit of 6/(-15) - (-360)/k?
1
What is the hundreds digit of (-177)/413 + 913*2/14?
1
Suppose -4*j + 31 = -29. What is the tens digit of (-930)/25*j/(-6)?
9
Let x = 1611 + -917. What is the tens digit of x?
9
Let j be (-9)/(0 + -4 + 1). Suppose 90 = -0*f + j*f. What is the units digit of f?
0
What is the tens digit of ((-2782)/2)/((-5)/5)?
9
Suppose 0*n = 4*f - 5*n - 76, 0 = -3*f - 5*n + 22. Let y be 2/f + (-792)/(-42). Suppose y*u = 23*u - 12. What is the units digit of u?
3
What is the hundreds digit of 1*-5 - 4/(-2)*689?
3
Let y be 68/12*(-5 - (-3 + -5)). Let o = -5 + 1. Let j = y - o. What is the units digit of j?
1
Let c = -44 - -65. What is the units digit of c?
1
Suppose -3 + 13 = -5*t. What is the tens digit of (88 + -1 - t)*(0 - -1)?
8
Suppose 0 = 5*b - 3*d - 42, 4*b - 3*d - 31 = 2*d. Suppose -2 = -u + b. Suppose u = y + n + 4*n, 3*y = 5*n - 7. What is the units digit of y?
1
Let c be -1 - -16*(146/8 + -4). Suppose 49 + c = 6*y. What is the tens digit of y?
4
Let j(p) = p**2 + p + 1. Let y(u) = u**3 - 13*u**2 + 5*u - 7. Let o(z) = -2*j(z) - y(z). What is the units digit of o(7)?
2
Suppose -3*k + 2*k + 16 = 0. Suppose a + a = -4*i + 56, k = i + a. What is the tens digit of i?
1
Let n = 514 - -896. What is the units digit of n?
0
Suppose 3*i + 2*t - 13 = -2*i, -i + 4*t = 15. Let b(z) = 57*z + 3. What is the units digit of b(i)?
0
Suppose 0 = 34*d - 21*d - 8229. What is the tens digit of d?
3
Suppose -4*l + 6*l - 4 = 0. Suppose -l*k - 2*v = 18, -k - 29 = -0*k + 5*v. Let r(c) = 4*c**2 + 8*c + 8. What is the tens digit of r(k)?
4
Let k be (0 - -3 - 7)/(-1). Suppose -3*u + 42 = -f + 4*f, 3*u = k*f - 42. What is the tens digit of f?
1
Let x(k) = -51*k - 205. What is the units digit of x(-23)?
8
Let n be (4/(-5))/((-10)/25). Let r(j) = -4*j**n + 2*j**2 - 2*j + 0*j**2 - 2*j**3. What is the units digit of r(-2)?
2
Suppose 0*j - 5*s = j - 8, 2*s = -j + 5. Suppose 2*t - j*t + 44 = 0. Suppose -4*o + 0*k = -3*k - 44, -4*o - 2*k + t = 0. What is the units digit of o?
1
Let o be 241/2 - 2/(-4). Suppose -4*l = -2*b - 282, -l + 5*b + o = l. What is the units digit of l?
3
Suppose m - 2*m - 2*n = 27, 117 = -4*m - 5*n. Let c = m + 104. What is the tens digit of c?
7
Suppose 17*k - 39*k + 17468 = 0. What is the units digit of k?
4
Suppose 683 = 4*s - 2229. What is the units digit of s?
8
Suppose -53 = -5*y + 47. Suppose 3*v + v = y. Suppose -o + 16 = -2*p, v*o - p - 53 = -0*p. What is the units digit of o?
0
Let q(r) = -19*r**3 + 2*r**2 + 2*r + 1. Let x be q(-1). Suppose -8*u + 10*u = 18. Suppose -4*f = -u*f + x. What is the units digit of f?
4
Let u = -27 + 30. What is the tens digit of (-38)/u*(-42)/14?
3
Let v be ((-30)/(-3))/(1 + -2). Let j = -11 - v. Let b(u) = -u + 1. What is the units digit of b(j)?
2
Suppose 0 = -157*t + 176*t - 42237. What is the hundreds digit of t?
2
Suppose -2*z + 6 = 2. Let n(j) = -3*j**2 - 4 - 9 + 4*j**2 - z*j**2 - 11*j. What is the units digit of n(-8)?
1
Let y(v) = -v**3 - 3*v**2 - v + 10. What is the tens digit of y(-7)?
1
Let f(r) = -7*r**2 - 2*r - 1. Let h be f(-2). Let v be 15/h + 46/10. What is the units digit of 82*(14/v + -3)?
1
Let r = 310 - 151. Suppose -6*y + 141 = -r. What is the units digit of y?
0
Suppose -18*b = -21*b + 15. Suppose b*z - 2 - 8 = 0. Suppose -d = z*d - 78. What is the units digit of d?
6
Suppose -3*b = 2*a - 7, b + 3*a = -0*a. Suppose -4*g - b*g + 273 = 0. What is the units digit of g?
9
Let g(p) = -p**2 + 2*p. Let u be g(3). Let i(b) = -5*b + 14. What is the tens digit of i(u)?
2
Suppose 4*x = -15 + 39. Suppose -x*d + 15 = -d. Suppose d*l - 39 + 3 = 0. What is the units digit of l?
2
Let x(l) = -l**3 - 7*l**2 - 2*l - 9. Let q be x(-7). Suppose -3*f + 47 = 2*h + 2*h, q*h - 59 = -4*f. What is the units digit of (4 + 2)*h/3?
2
Suppose a = k - 3 + 16, -2*k = -4*a + 62. Suppose -a = -4*m + 6. What is the units digit of (8/m)/((-4)/(-24))?
8
Let m(v) = -2*v + 1. Let o be m(-1). Suppose o*p + 2*h = 87, -3*p - h = -p - 57. What is the units digit of p?
7
Suppose -5*t = -61 - 69. What is the units digit of 4/6*-3 + t?
4
Let y(g) = -550*g - 282. What is the thousands digit of y(-3)?
1
Let k(y) = y - 10. Let n be k(8). What is the tens digit of n/(-1) - -4*7?
3
Suppose -3*m = 4 - 10. Suppose -4*d + m*a + 292 = 0, 2*d + 4*a = -81 + 247. What is the units digit of d?
5
Let o be (-5)/(-3)*(6 - 3). Suppose 4*f = -5*a + 60 + 84, -o*a = -20. What is the tens digit of f?
3
Let i = -1 + 110. Let v = i + -30. What is the units digit of v?
9
Let c = 7189 + -4341. What is the units digit of c?
8
Let d = 6 - 15. Let g be (-1 + 70)/(d/(-9)). Let j = -38 + g. What is the units digit of j?
1
Let v = 25 + -15. Let k(o) = -o + 21. Let c be k(-3). Suppose v*u = 6*u + c. What is the units digit of u?
6
Suppose 1 = q - 2. Suppose -5*y + 12 = 4*o - 43, -5*o + 4 = -q*y. Suppose -11*f = -y*f - 272. What is the units digit of f?
8
What is the tens digit of -3 + (2 - -1420 - -3)?
2
Let y(m) be the first derivative of m**4/4 + 14*m**3/3 + 13*m**2 - m + 25. What is the units digit of y(-11)?
6
Let u(m) = -m**3 + 12*m**2 - 8*m + 12. Let f be u(10). Suppose 7*d - 1455 = -f. What is the tens digit of d?
8
Let o(a) = -19 - 28 - a**2 - 21*a + 13. What is the units digit of o(-13)?
0
Let s(x) be the second derivative of -x**5/20 + 23*x**4/12 + 3*x**3/2 + 3*x**2/2 + 39*x. What is the hundreds digit of s(23)?
2
Let q = -160 - -260. Suppose -10*b = -12*b - q. Let k = b - -81. What is the units digit of k?
1
What is the units digit of ((-23946)/(-42))/((-11)/(-77))?
1
Suppose -7*p = -57*p + 38000. What is the units digit of p?
0
Suppose -5*l + 3*s = -2*l - 618, -623 = -3*l - 2*s. What is the units digit of l?
7
Let v(n) = 46*n + 510. What is the tens digit of v(21)?
7
What is the thousands digit of 384/288*4518/4?
1
Let u = -38 + 23. Let y = u - -16. What is the units digit of y?
1
Let j = 5533 - 3931. What is the tens digit of j?
0
Suppose -297355 = -51*g - 14866. What is the hundreds digit of g?
5
Suppose 24*f = 4895 + 4465. What is the hundreds digit of f?
3
Let f be 363/(-22)*(-4)/6. Let d = f - 6. Suppose 22 = -d*a + 77. What is the units digit of a?
1
Let k = 203 - 110. Suppose -5*d = -2*d - k. What is the units digit of d?
1
Suppose 5*h = -4*y + 7984, -2*y + 3992 = 35*h - 38*h. What is the thousands digit of y?
1
What is the thousands digit of 4 + 7737/3 - -11?
2
Let l = 552 + 547. What is the hundreds digit of l?
0
Suppose -61875 = 40*w - 65*w. What is the thousands digit of w?
2
Let r = 33 + -33. What is the hundreds digit of (2 - r)*(64/1 + 3)?
1
Let h(y) = 3*y**3 - 14*y**2 + 3. What is the units digit of h(6)?
7
Let u(p) = -16*p - 1. Let t be u(-4). Suppose s + t = 2*s. What is the units digit of s?
3
Let l be -2*(9/(-2) - -3). Suppose -q = -3*v - 6, -q = -v - l*v - 9. Let u = q + 6. What is the units digit of u?
3
Suppose -5*g = i - 266, -2*g - 2 = -i + 236. What is the tens digit of i?
4
Let r(a) = 17*a + 50. Let x(c) = -11*c - 33. Let u(p) = -5*r(p) - 7*x(p). What is the tens digit of u(-7)?
3
Suppose 2*a = 8 + 6. Let y = 4 - a. Let w = y + 8. What is the units digit of w?
5
Suppose 0 = 2*w + 2*l - 2138, -3232 = -3*w - 0*w + 2*l. What is the tens digit of 3 + w/9 - 2/6?
2
Suppose 3*n + 4*j - 6665 = 0, -n + 2235 = 11*j - 13*j. What is the thousands digit of n?
2
Let x = -542 - -327. Let z = x + 307. What is the tens digit of z?
9
Suppose -4*b + 2*a + 12 = 0, -b + 6*b - 18 = 4*a. Suppose -5*n - 32 = -3*d, -d + 2*n + 4 = -b*d. Suppose 17 = 5*p - d*p. What is the units digit of p?
7
Let i(x) = x**2 + 4*x + 4. Let q be i(-4). Suppose p - 552 = -3*t - q*p, 5*p + 701 = 4*t. What is the units digit of t?
9
Let a(q) = 16*q - 2. Let k be a(3). Let z = -5 + k. Suppose 4*i - z = -17. What is the units digit of i?
6
Let t be (7 + -3)*-1*(-5)/(-2). What is the units digit of (-6)/t + (-6006)/(-65)?
3
Let s be (-2 - 6/9)*9/(-12). Let f(y) = 53*y + 2. What is the hundreds digit of f(s)?
1
What is the units digit of (-90)/90 - (-279 + -1)?
9
Suppose -5*k + 4612 = -4*v, -2*k + 2*v + 985 + 861 = 0. What is the units digit of k?
0
Let a = -908 - -3186. What is the units digit of a?
8
Let c(y) = y**2 - 21*y + 107. What is the units digit of c(23)?
3
Let q = -4 + 7. Suppose 